{"id":769,"date":"2024-07-22T12:24:36","date_gmt":"2024-07-22T10:24:36","guid":{"rendered":"https:\/\/cooknjoy.fr\/?post_type=product&#038;p=769"},"modified":"2026-02-12T15:49:12","modified_gmt":"2026-02-12T14:49:12","slug":"atelier-de-cuisine-creole","status":"publish","type":"product","link":"https:\/\/cooknjoy.fr\/index.php\/produit\/atelier-de-cuisine-creole\/","title":{"rendered":"Cr\u00e9ole"},"content":{"rendered":"<p><strong>Dur\u00e9e : 2h00<\/strong><\/p>\n<p><strong>Exemple de menu : <\/strong><\/p>\n<ul>\n<li>Poulet Boucan\u00e9<\/li>\n<li>Riz aux \u00e9pices<\/li>\n<li>Sauce chien<\/li>\n<li>Pain cr\u00e9ole<\/li>\n<li class=\"p1\">Flan coco<\/li>\n<\/ul>\n<p>&nbsp;<\/p>\n<p class=\"p1\"><em>* Les garnitures peuvent varier selon la disponibilit\u00e9 des fruits et l\u00e9gumes de saison<\/em><\/p>\n<p><em>** Cet atelier de cuisine est accessible \u00e0 partir de 16 ans<\/em><\/p>\n","protected":false},"excerpt":{"rendered":"<p>Ce que vous cuisinerez (et d\u00e9gusterez !)* : Poulet Boucan\u00e9, Riz aux \u00e9pices, Sauce chien, Pain cr\u00e9ole, Flan coco &#8211; Dur\u00e9e : 2h environ &#8211; \u00c0 partir de 16 ans<\/p>\n","protected":false},"featured_media":766,"comment_status":"open","ping_status":"closed","template":"","meta":[],"product_brand":[],"product_cat":[17],"product_tag":[],"class_list":{"0":"post-769","1":"product","2":"type-product","3":"status-publish","4":"has-post-thumbnail","6":"product_cat-ateliers-de-cuisine","7":"bookacti-activity","9":"entry","10":"has-media","12":"first","13":"instock","14":"shipping-taxable","15":"purchasable","16":"product-type-simple","17":"has-product-nav","18":"col","19":"span_1_of_3","20":"owp-content-center","21":"owp-thumbs-layout-horizontal","22":"owp-btn-normal","23":"owp-tabs-layout-horizontal","24":"has-no-thumbnails"},"_links":{"self":[{"href":"https:\/\/cooknjoy.fr\/index.php\/wp-json\/wp\/v2\/product\/769","targetHints":{"allow":["GET"]}}],"collection":[{"href":"https:\/\/cooknjoy.fr\/index.php\/wp-json\/wp\/v2\/product"}],"about":[{"href":"https:\/\/cooknjoy.fr\/index.php\/wp-json\/wp\/v2\/types\/product"}],"replies":[{"embeddable":true,"href":"https:\/\/cooknjoy.fr\/index.php\/wp-json\/wp\/v2\/comments?post=769"}],"version-history":[{"count":7,"href":"https:\/\/cooknjoy.fr\/index.php\/wp-json\/wp\/v2\/product\/769\/revisions"}],"predecessor-version":[{"id":2291,"href":"https:\/\/cooknjoy.fr\/index.php\/wp-json\/wp\/v2\/product\/769\/revisions\/2291"}],"wp:featuredmedia":[{"embeddable":true,"href":"https:\/\/cooknjoy.fr\/index.php\/wp-json\/wp\/v2\/media\/766"}],"wp:attachment":[{"href":"https:\/\/cooknjoy.fr\/index.php\/wp-json\/wp\/v2\/media?parent=769"}],"wp:term":[{"taxonomy":"product_brand","embeddable":true,"href":"https:\/\/cooknjoy.fr\/index.php\/wp-json\/wp\/v2\/product_brand?post=769"},{"taxonomy":"product_cat","embeddable":true,"href":"https:\/\/cooknjoy.fr\/index.php\/wp-json\/wp\/v2\/product_cat?post=769"},{"taxonomy":"product_tag","embeddable":true,"href":"https:\/\/cooknjoy.fr\/index.php\/wp-json\/wp\/v2\/product_tag?post=769"}],"curies":[{"name":"wp","href":"https:\/\/api.w.org\/{rel}","templated":true}]}}