{"id":330,"date":"2024-05-19T17:23:37","date_gmt":"2024-05-19T15:23:37","guid":{"rendered":"https:\/\/cooknjoy.fr\/?post_type=product&#038;p=330"},"modified":"2026-02-12T16:01:43","modified_gmt":"2026-02-12T15:01:43","slug":"pique-nique-du-monde","status":"publish","type":"product","link":"https:\/\/cooknjoy.fr\/index.php\/produit\/pique-nique-du-monde\/","title":{"rendered":"Pique-nique du monde"},"content":{"rendered":"<p><strong>Dur\u00e9e : 2h00<\/strong><\/p>\n<p><strong>Exemple de menu :\u00a0<\/strong><\/p>\n<ul>\n<li>Focaccia<\/li>\n<li>Burrata fum\u00e9e<\/li>\n<li>Pesto amande<\/li>\n<li>Hummus<\/li>\n<li>Pain pita<\/li>\n<li>Guacamole<\/li>\n<li>Taco de ma\u00efs<\/li>\n<li>Mochi fraise citron<\/li>\n<\/ul>\n<p>&nbsp;<\/p>\n<p class=\"p1\"><em>* Les garnitures peuvent varier selon la disponibilit\u00e9 des fruits et l\u00e9gumes de saison<\/em><\/p>\n<p><em>** Cet atelier de cuisine est accessible \u00e0 partir de 16 ans<\/em><\/p>\n","protected":false},"excerpt":{"rendered":"<p>Ce que vous cuisinerez (et d\u00e9gusterez !)* : Focaccia, Burrata fum\u00e9e, Pesto amande, Hummus, Pain pita, Guacamole, Taco de ma\u00efs, Mochi fraise citron\u00a0&#8211; Dur\u00e9e : 2h environ &#8211; \u00c0 partir de 16 ans<\/p>\n","protected":false},"featured_media":586,"comment_status":"open","ping_status":"closed","template":"","meta":[],"product_brand":[],"product_cat":[17],"product_tag":[],"class_list":{"0":"post-330","1":"product","2":"type-product","3":"status-publish","4":"has-post-thumbnail","6":"product_cat-ateliers-de-cuisine","7":"bookacti-activity","9":"entry","10":"has-media","12":"first","13":"instock","14":"shipping-taxable","15":"purchasable","16":"product-type-simple","17":"has-product-nav","18":"col","19":"span_1_of_3","20":"owp-content-center","21":"owp-thumbs-layout-horizontal","22":"owp-btn-normal","23":"owp-tabs-layout-horizontal","24":"has-no-thumbnails"},"_links":{"self":[{"href":"https:\/\/cooknjoy.fr\/index.php\/wp-json\/wp\/v2\/product\/330","targetHints":{"allow":["GET"]}}],"collection":[{"href":"https:\/\/cooknjoy.fr\/index.php\/wp-json\/wp\/v2\/product"}],"about":[{"href":"https:\/\/cooknjoy.fr\/index.php\/wp-json\/wp\/v2\/types\/product"}],"replies":[{"embeddable":true,"href":"https:\/\/cooknjoy.fr\/index.php\/wp-json\/wp\/v2\/comments?post=330"}],"version-history":[{"count":8,"href":"https:\/\/cooknjoy.fr\/index.php\/wp-json\/wp\/v2\/product\/330\/revisions"}],"predecessor-version":[{"id":2299,"href":"https:\/\/cooknjoy.fr\/index.php\/wp-json\/wp\/v2\/product\/330\/revisions\/2299"}],"wp:featuredmedia":[{"embeddable":true,"href":"https:\/\/cooknjoy.fr\/index.php\/wp-json\/wp\/v2\/media\/586"}],"wp:attachment":[{"href":"https:\/\/cooknjoy.fr\/index.php\/wp-json\/wp\/v2\/media?parent=330"}],"wp:term":[{"taxonomy":"product_brand","embeddable":true,"href":"https:\/\/cooknjoy.fr\/index.php\/wp-json\/wp\/v2\/product_brand?post=330"},{"taxonomy":"product_cat","embeddable":true,"href":"https:\/\/cooknjoy.fr\/index.php\/wp-json\/wp\/v2\/product_cat?post=330"},{"taxonomy":"product_tag","embeddable":true,"href":"https:\/\/cooknjoy.fr\/index.php\/wp-json\/wp\/v2\/product_tag?post=330"}],"curies":[{"name":"wp","href":"https:\/\/api.w.org\/{rel}","templated":true}]}}

<p><strong>Durée : 2h00</strong></p>
<p><strong>Exemple de menu : </strong></p>
<ul>
<li>Focaccia</li>
<li>Burrata fumée</li>
<li>Pesto amande</li>
<li>Hummus</li>
<li>Pain pita</li>
<li>Guacamole</li>
<li>Taco de maïs</li>
<li>Mochi fraise citron</li>
</ul>
<p>&nbsp;</p>
<p class="p1"><em>* Les garnitures peuvent varier selon la disponibilité des fruits et légumes de saison</em></p>
<p><em>** Cet atelier de cuisine est accessible à partir de 16 ans</em></p>

<p>Ce que vous cuisinerez (et dégusterez !)* : Focaccia, Burrata fumée, Pesto amande, Hummus, Pain pita, Guacamole, Taco de maïs, Mochi fraise citron &#8211; Durée : 2h environ &#8211; À partir de 16 ans</p>
